pose -h*m - 15 - 8 = -3*q, 0 = -5*q - 3*m - 10. Let v(s) = 2*s + 0 + 2 + q + 8*s**3 + 3*s**2 - 6*s**3. Calculate v(-2).
-5
Let p(l) be the first derivative of -2*l**2 - l - 1350. Give p(4).
-17
Let z(p) = -854 - p + 795 - p**2 - 31*p + 4*p - 2*p. Determine z(-29).
-30
Let y(m) = -m**3 - 14*m**2 + 3*m + 37. Let n(k) = -73*k - 452. Let p be n(-6). Calculate y(p).
-5
Let q(w) be the third derivative of -w**5/60 + 5*w**4/12 - w**3/3 - 2*w**2. Suppose -85 - 927 = -167*v + 658. What is q(v)?
-2
Let f be (-22)/((-440)/(-390))*-3*(-6)/27. Let w(n) = n**3 + 12*n**2 - 16*n - 42. Give w(f).
-3
Let t be (-1 + 11)/(18/(-387)). Let a = -209 - t. Let v(k) = -k + 7. Determine v(a).
1
Let o(c) = -143*c**3 - 9*c + 3. Let u(p) = -4*p**3 - 2*p + 4. Let n(z) = o(z) - 2*u(z). What is n(-1)?
135
Let f(s) = -1 - 3*s**2 - 132*s**3 + 2 + s + 134*s**3. Let x = 37 + -31. Suppose 0 = -x*b - 4*b + 20. What is f(b)?
7
Let r(a) = -a**3 - 18*a**2 + a - 43. Suppose 2*o - 22 = 2*b, -438*b + 434*b - 37 = -5*o. Calculate r(b).
-61
Let o(y) be the third derivative of -y**5/30 - y**4/3 + y**3/3 + y**2. Suppose -5026*t + 5066*t + 292 - 52 = 0. Calculate o(t).
-22
Let o(a) be the third derivative of 3*a**5/20 + a**4/8 - a**3/6 + 670*a**2 - 1. What is o(-3)?
71
Suppose 9*v + 2473 = -1766. Let q = 468 + v. Let z(n) = 6*n + 1. What is z(q)?
-17
Let n(u) = 18*u - 3. Let q be 0/126*2/4. Determine n(q).
-3
Let g(z) = -z**2 - 21*z - 99. Let k be g(-16). Let v(p) = p + 13. Calculate v(k).
-6
Let f(u) = 10*u - 34. Let z(h) = 27*h - 99. Let s(o) = 8*f(o) - 3*z(o). What is s(-11)?
36
Let t(u) = -u**3 - 8*u**2 - 6*u + 1. Let k(h) = 4 - 13*h + 3 + 12. Let z be k(2). Calculate t(z).
-6
Let b(z) = 10*z - 90. Let q(c) = 13*c**2 - 524*c - 358. Let p be q(41). Calculate b(p).
20
Suppose -5*b + 2*m = -3*b + 196, 93 = -b + 2*m. Let v = 123 + b. Suppose 15*w - v = 20*w. Let h(c) = c + 1. Calculate h(w).
-3
Let j(q) = -51*q + 38. Let r(t) = -231*t + 149. Let d(h) = 9*j(h) - 2*r(h). Determine d(-12).
8
Let j(g) = 3*g - 7. Let f be j(3). Let u(t) = t**3 + 5*t**f - t + 6 - 10*t**2 + 2 + 8*t**2. Let i be u(-4). Let n(b) = b**2 - 2*b - 6. Calculate n(i).
18
Let u be ((-131)/13 - -7) + 10/130. Let g(y) = -4*y**3 - 2*y**2 + 5*y + 2. Give g(u).
77
Let k(t) = t + 10. Let x be 6 - (-14)/(-2) - (1 + -7). Suppose -29*j + 26*j - x*o = 51, -5*j + 4*o - 48 = 0. Give k(j).
-2
Let l(h) be the first derivative of -h**7/840 - h**6/120 + 7*h**5/120 + h**4/4 + 2*h**3/3 - 36. Let j(v) be the third derivative of l(v). Calculate j(-4).
-6
Let k(g) be the third derivative of g**8/5040 + g**7/1008 - g**6/180 + 19*g**5/30 - 239*g**2. Let s(x) be the third derivative of k(x). Determine s(-3).
17
Let a(q) be the first derivative of q**4/2 - 2*q**3 - q**2 - 7*q + 10186. What is a(3)?
-13
Let y be (-3)/2*44/11. Let r = -3 - y. Let p(c) be the second derivative of 7*c**3/6 - 2*c - 50. What is p(r)?
21
Let w(o) = -o**2 + 7*o - 7. Let m = 160 + -46. Suppose -66 = 3*l + m. Let y = l + 68. Calculate w(y).
-15
Let x(q) = -q**2 + 8*q + 10. Suppose 8 = -2*t - 48. Suppose 3*n - 4 = 5*v + 8, 3*v + 3*n = -12. Let s be 2/v*t/(-8)*-3. Determine x(s).
17
Let v(c) = -3*c**2 - 12*c - 4. Let z(g) = -g**2 + 15*g - 40. Let a be z(4). Let q(k) = -k**2 - 3. Let b(w) = a*q(w) - v(w). Determine b(6).
28
Let p be ((-27)/(-36))/(3/8). Suppose p*y = -4*h - 20, -3*y + 4*y = -4. Let m(j) be the second derivative of j**4/6 + 5*j**3/6 + j**2 - 23*j. Give m(h).
5
Let s(x) be the second derivative of -x**4/24 + 7*x**3/3 - 76*x**2 + 196*x. Let v(i) be the first derivative of s(i). Let h be (-2)/2*-3*2. Determine v(h).
8
Let b(i) = 4*i + 109. Suppose -4*k + 20 = 0, -s + 29*k - 30*k = 24. Calculate b(s).
-7
Suppose 232*h = 256*h + 192. Let i(t) = 21*t + 168. What is i(h)?
0
Suppose 3*g = 4*m + 63, 29*g = 25*g - 4*m + 84. Suppose -g*c + 35*c = 14. Let r(v) = 7*v**2 + v. Determine r(c).
8
Let k be (-50)/(70/(-7))*-1. Let z(f) = -f**2 - 6*f - 17. Give z(k).
-12
Let c(n) be the second derivative of -n**4/12 - n**3/6 - 19*n**2/2 + 8273*n. What is c(0)?
-19
Suppose 87 = 7*m - 74. Let o(z) = -32*z + 12*z + m*z - 6. Determine o(0).
-6
Let w(h) = h**2 + h. Let u(x) be the second derivative of 0 - 3*x**2 - 18*x + 0*x**3 + 1/12*x**4. Let t be u(-2). Calculate w(t).
2
Let q(f) = -f**3 - 9*f**2 - 8*f - 5. Suppose -2*a + 38 = -o - 103, 4*o - 20 = 0. Suppose 74*z - a*z = 16. Let w = -24 + z. Calculate q(w).
-5
Let o(f) = 5*f - 9. Let h(y) be the first derivative of -15 - 3/2*y**2 + 5*y. Let w(t) = -7*h(t) - 4*o(t). Calculate w(7).
8
Let z(t) = -2*t**2 - 10*t - 7. Let h be 2 + ((-48)/(-14) - (-16)/28). Let m(s) = -2*s**3 + 11*s**2 + 4*s + 6. Let j be m(h). Determine z(j).
-19
Let g(i) = 1. Let k(o) = 37 + 34 - 84 + 2*o. Let p(n) = 4*g(n) - k(n). Give p(7).
3
Let g(r) be the first derivative of -28 + 1/3*r**3 + 3*r**2 - 9*r. Give g(-7).
-2
Let s(x) = -2*x - 13. Suppose 2*j - 5*v = 44, 3*j + 2*v = 7*j - 40. Calculate s(j).
-27
Let z(w) = 3*w**2 + w - 1. Suppose 5*b + 11 = -4*k + 8*k, -5*b + 25 = 5*k. Suppose 4*s - 9*m + 6*m = 7, k*s - 2 = -2*m. Calculate z(s).
3
Let y be 74/126 + (-80)/70 + (-8)/18. Let r(v) = -9*v - 9*v - 1 + 17*v + 19*v**2 - 5*v**2. Determine r(y).
14
Let f be -6 - (12/(-114) + 837/(-171)). Let v(y) = -4*y**3 + 2*y**2 - 3*y - 3. What is v(f)?
6
Let x(j) = j**3 + j**2 + 2*j - 3. Suppose -32*c - 13*c + 18*c + 81 = 0. What is x(c)?
39
Suppose 10 + 9 = n - 5*m, 2*m = -2*n + 2. Let h(z) = -3*z + 1. Let v(u) = -2*u + 1. Suppose 11*l - 8*l = 9. Let a(y) = l*h(y) - 5*v(y). What is a(n)?
2
Let x(w) = -w**3 + 9*w**2 - 8*w + 6. Let l(j) = -2*j**3 + 19*j**2 - 19*j - 19. Let u be l(8). Let d = u - 13. Determine x(d).
6
Let s = -377 + 78. Let t(k) = 851*k**2 - 299*k. Let b(d) = -17*d**2 + 6*d. Let c(z) = s*b(z) - 6*t(z). Give c(-1).
-23
Let l(a) = 4 - 4 + 1 + 8*a**3 - a. Let i = 162850 - 162849. Determine l(i).
8
Let m(g) = g**3 - 2*g**2 + 2*g - 1. Let j = -24754 + 24638. Suppose -119 = -3*w + 2*w. Let h = j + w. What is m(h)?
14
Let x = 109527 - 109522. Let a(q) = -4 + 2*q - q**3 - 6*q + 6*q**2 - 2*q. What is a(x)?
-9
Let u = 866 + -866. Let i(x) be the second derivative of 1/6*x**3 + 1/3*x**4 - 1/20*x**5 + u - 15*x - 3/2*x**2. Give i(4).
1
Let o(j) be the second derivative of -5*j**3/6 + 33*j**2/2 + 137*j. Let b(x) = -2*x + 11. Let p(h) = 8*b(h) - 3*o(h). Give p(0).
-11
Suppose -28*x - 22 = -39*x. Suppose -4*j + 3*p + 32 = p, -3*p - 16 = -x*j. Let q(i) = i - 8. Determine q(j).
0
Let k(a) = -97*a - 5. Let s(c) = 49*c + 4. Let w(i) = 2*k(i) + 3*s(i). What is w(1)?
-45
Let v(t) = 68*t - 21. Let h(a) = 93*a - 20. Let w(m) = -3*h(m) + 4*v(m). What is w(10)?
-94
Let j(h) be the first derivative of 16*h**2 - 282*h + 6. Let m be j(9). Let c(s) = -3*s + 1. Determine c(m).
-17
Let z(a) = a + 19. Let q be z(9). Let c(t) = 49*t - 13*t + 2 - q*t. Suppose 13 = 4*k + 5. Determine c(k).
18
Let h = -3 + 2. Let a(i) = -i**3 - i**2 - 2*i + 3. Let r be a(0). Let c(b) = 3*b - 18*b**r + 3 + 20*b**3 - 5*b - 4 - 2*b**2. Determine c(h).
-3
Let i(n) = -15*n - 1. Let a(t) = 14*t - 43. Let u(w) = 2*a(w) + 3*i(w). Determine u(-4).
-21
Suppose -k = 4*t, 4*k - 4*t = -0 - 20. Let y(f) = 2*f + 6. Determine y(k).
-2
Let k(p) = -p**2 - 2*p + 38. Let y be k(-7). Let x(f) = 10*f + 2. Let r(l) = -7*l - 3. Let s(q) = y*r(q) + 2*x(q). Let j = 2 + -7. Calculate s(j).
0
Let d = 8 + -16. Let c(q) = 556 - 2*q - 281 - 281. Calculate c(d).
10
Let a(t) = -t**2 + 8*t - 10. Let c be a(6). Let w(i) be the second derivative of i**c - i**3 - 2*i**2 - i**2 - 19*i. Determine w(-3).
14
Suppose 2*l - 4*h - 34 = 0, 3*l - 2*h = -2 + 33. Let d(n) = -7 + 47*n**3 - 132*n**3 + 44*n**3 - 4*n**2 + 42*n**3 - 2*n**2 - 5*n. Calculate d(l).
7
Let a(l) = 98*l - 171. Let r(t) = 51*t. Let g(y) = -a(y) + 2*r(y). Give g(-45).
-9
Let m(j) = 74*j**2 - j**3 - 8 - 232*j**2 + 75*j**2 - 3 - 28*j + 73*j**2. Give m(-6).
13
Let m(a) = -10*a**2 - 1. Let k be ((-4)/(-16)*0 - 0)/1. Suppose -34*o + 11*o + 23 = k. Calculate m(o).
-11
Suppose 9*l + 88 = 11*l. Suppose -3*z = 0, -2*v - 2*z = 2*z. Suppose v = 11*r + l. Let d(a) = -a**3 - 4*a**2 - 3*a - 6. Give d(r).
6
Let w(p) = 8*p**3 - 4*p - 4. Let t be 2/(11 - 6 - 3)*(0 + -1). Give w(t).
-8
Let q(l) be the first derivative of 6*l**2 - 4*l - 426. Determine q(3).
32
Let m(z) = 3*z + 2. Let k(l) = -l**3 + 31*l**2 -